*2 + n + 4. Give t(-20).
-16
Let k(y) = 29637*y - 533472. Calculate k(18).
-6
Let n(o) = 15*o**2 - 91*o - 95. Determine n(6).
-101
Let d(j) = 10*j**2 - 68*j + 341. What is d(5)?
251
Let a(i) = 518*i + 15515. What is a(-30)?
-25
Let o(z) = z**2 + 16*z - 15. What is o(-21)?
90
Let x(t) = -566*t + 167. Determine x(1).
-399
Let l(d) = -2*d**3 - 243*d**2 + 125*d + 356. What is l(-122)?
-10
Let g(i) = -450*i + 2709. What is g(6)?
9
Let i(k) = -354*k - 29046. Determine i(-82).
-18
Let f(s) = -23*s**2 + 14*s - 8. Determine f(1).
-17
Let c(r) = -2*r**2 + 31*r + 1733. Determine c(-22).
83
Let r(y) = -15*y + 741. Give r(26).
351
Let m(g) = 485*g - 5781. Calculate m(12).
39
Let d(x) = -2*x**2 - 81*x + 1686. What is d(15)?
21
Let o(r) = -r**3 + 21*r**2 + 32*r + 26. Determine o(22).
246
Let q(c) = -c**3 - 13*c**2 - 5*c + 96. Give q(-12).
12
Let k(o) = o**3 - 15*o**2 + 5*o + 17. What is k(8)?
-391
Let a(g) = g**2 + 967*g + 14270. Give a(-15).
-10
Let d(n) = n**2 + 807*n - 174172. What is d(177)?
-4
Let i(j) = 2263*j - 11314. Give i(5).
1
Let b(i) = 277*i + 5546. Determine b(-20).
6
Let x(i) = -98*i + 902. What is x(10)?
-78
Let l(y) = 10*y - 53. What is l(3)?
-23
Let w(f) = -3*f**2 + 133*f + 1015. Give w(51).
-5
Let d(r) = r**2 + 375*r + 4343. Calculate d(-12).
-13
Let t(v) = -21*v**2 + 207*v - 494. What is t(6)?
-8
Let d(l) = 35*l**2 + 3*l + 4. Give d(-1).
36
Let q(d) = 394*d - 1915. Give q(5).
55
Let l(t) = -3*t**3 - 80*t**2 - 56*t - 101. What is l(-26)?
3
Let i(x) = -15*x**2 + 160*x + 491. What is i(-3)?
-124
Let d(v) = -19*v**2 + 118*v. Determine d(6).
24
Let p(z) = 2*z**3 + 26*z**2 - 78*z - 41. Calculate p(-15).
229
Let z(w) = -w**2 + 4*w + 15. What is z(9)?
-30
Let i(t) = 3*t**2 - 722*t - 4441. Determine i(-6).
-1
Let r(s) = -s**3 + 36*s**2 + 8*s - 166. Give r(36).
122
Let o(z) = -z**3 + 12*z**2 - 19*z - 30. Calculate o(9).
42
Let w(g) = 70*g + 1055. What is w(-14)?
75
Let t(j) = 75*j + 655. Give t(-9).
-20
Let d(z) = 9*z + 35. Determine d(-12).
-73
Let c(z) = -62*z - 2089. Determine c(-35).
81
Let m(d) = 25*d**2 - 43*d - 71. Determine m(-1).
-3
Let w(p) = p**2 - 35*p + 49. Give w(37).
123
Let b(i) = -i**2 + 47. Give b(-10).
-53
Let g(n) = -n + 82. What is g(6)?
76
Let u(t) = 500*t - 18479. Determine u(37).
21
Let h(l) = -19*l**3 - 7*l - 6. Calculate h(-2).
160
Let f(m) = 71*m**3 + m**2 + 31*m + 31. Calculate f(-1).
-70
Let q(h) = -h**2 - 208*h - 1021. Calculate q(-5).
-6
Let k(m) = 31*m - 28. What is k(6)?
158
Let t(m) = -m**3 - 33*m**2 + 7*m + 190. What is t(-33)?
-41
Let s(c) = 5*c**2 + 592*c - 4661. Give s(8).
395
Let a(x) = -x**2 + 18*x + 341. Determine a(-12).
-19
Let t(w) = 134*w - 14325. What is t(107)?
13
Let r(z) = 2*z**2 - 57*z + 110. Calculate r(2).
4
Let f(a) = a**3 + 71*a**2 - 16*a - 1138. Calculate f(-71).
-2
Let b(f) = -f**2 + 8*f + 81. Calculate b(-10).
-99
Let h(u) = 7*u + 13. What is h(14)?
111
Let x(z) = -2*z**2 + 44*z + 91. Determine x(-2).
-5
Let t(f) = f**3 - 2*f**2 + 18*f - 59. Determine t(5).
106
Let m(n) = -349*n - 2099. Determine m(-6).
-5
Let u(d) = 2*d**2 + 97*d + 1008. Calculate u(-15).
3
Let i(o) = -2*o**2 + 94*o - 850. Give i(12).
-10
Let r(h) = 100*h**2 - 100*h - 99. Calculate r(-1).
101
Let c(q) = 2*q**2 + 183*q - 262. Give c(-93).
17
Let h(c) = 10*c - 98. What is h(15)?
52
Let g(i) = -18*i - 414. Give g(-22).
-18
Let w(h) = 2*h**3 - 75*h**2 - 35*h - 92. Calculate w(38).
22
Let s(h) = 9*h - 18. Calculate s(12).
90
Let i(m) = -1312*m + 10497. Determine i(8).
1
Let z(k) = k**2 + 275*k + 17514. What is z(-100)?
14
Let b(m) = -8*m**2 - 645*m - 1109. Determine b(-79).
-82
Let w(t) = 2557*t - 38358. Give w(15).
-3
Let w(n) = 414*n - 1905. What is w(5)?
165
Let u(d) = 38*d - 5892. What is u(155)?
-2
Let q(c) = -c**3 + 32*c**2 - 50*c - 318. What is q(30)?
-18
Let q(i) = 7*i**3 - 3*i**2 + 5*i. Calculate q(-3).
-231
Let q(d) = -57*d - 609. What is q(-20)?
531
Let h(m) = m**3 - 42*m**2 + 438*m + 42. Give h(20).
2
Let r(n) = 17*n + 4. Give r(-4).
-64
Let b(t) = -2*t**3 + 29*t**2 + 5*t - 333. What is b(14)?
-67
Let w(r) = 4*r**3 + 7*r**2 - 13*r - 29. Calculate w(-2).
-7
Let m(u) = -u**3 - 14*u**2 - 85*u - 941. Calculate m(-13).
-5
Let u(p) = -3*p + 269. Determine u(32).
173
Let y(g) = -14*g**2 - 7*g - 2. Calculate y(-3).
-107
Let r(x) = x**3 + 21*x**2 - 8*x - 150. What is r(-21)?
18
Let l(i) = -i**2 + 19*i - 71. Give l(12).
13
Let t(o) = -o**3 - 24*o**2 - 154*o - 3630. What is t(-24)?
66
Let u(f) = 249*f + 112795. Give u(-453).
-2
Let a(z) = -6*z - 75. What is a(-2)?
-63
Let p(i) = -i**2 - 20*i + 255. What is p(21)?
-606
Let q(t) = -1661*t + 6633. Give q(4).
-11
Let s(x) = 122*x + 1267. Give s(-8).
291
Let l(p) = -p**3 + 34*p**2 + 112*p - 50. Give l(37).
-13
Let f(z) = -20*z**2 + 36*z - 20. What is f(3)?
-92
Let x(n) = -2300*n - 28. Give x(0).
-28
Let x(i) = -6*i**2 - 140*i - 300. What is x(-21)?
-6
Let d(i) = -1233*i - 36994. Determine d(-30).
-4
Let z(u) = -u**2 + u + 10. Determine z(-3).
-2
Let j(m) = m**3 + 68*m**2 - 79*m - 777. Calculate j(-69).
-87
Let k(v) = -3*v**2 - 97*v - 607. What is k(-8)?
-23
Let c(v) = -579*v - 25. Give c(-1).
554
Let n(o) = -o**3 + 30*o**2 - 21*o + 228. Give n(30).
-402
Let h(u) = 10*u**2 + 264*u + 114. Determine h(-26).
10
Let i(q) = 694*q - 2121. Calculate i(3).
-39
Let g(z) = -752*z - 45867. Calculate g(-61).
5
Let h(b) = -19*b + 102. What is h(10)?
-88
Let g(s) = -4*s**3 + 6*s**2 - 32*s + 57. What is g(3)?
-93
Let r(o) = 2*o**3 - 24*o**2 - 6*o - 1259. What is r(15)?
1
Let k(x) = x**3 + 19*x**2 + 22*x + 107. Calculate k(-18).
35
Let j(p) = -p**2 + 13*p - 6. What is j(12)?
6
Let t(b) = b**3 + b**2 - 8*b - 18. Give t(-5).
-78
Let t(c) = -c**3 + 35*c**2 - 30*c - 120. Calculate t(34).
16
Let n(j) = -2576*j + 396706. Give n(154).
2
Let k(g) = 12*g**2 - 20*g - 52. Calculate k(3).
-4
Let k(u) = u**2 - 11*u - 107. Give k(-8).
45
Let o(l) = 1933*l + 23199. Determine o(-12).
3
Let l(j) = 3*j**2 - 201*j + 1352. Determine l(60).
92
Let s(v) = -6*v**3 - v**2 + 6*v - 6. Give s(1).
-7
Let o(g) = -11*g**2 - 5*g - 5. Give o(4).
-201
Let w(d) = -174*d + 367. What is w(2)?
19
Let o(p) = -178*p + 5496. What is o(31)?
-22
Let s(a) = -723*a - 7235. Determine s(-10).
-5
Let q(a) = -60*a - 4439. What is q(-73)?
-59
Let x(y) = -y**3 - 27*y**2 + 315*y - 329. Determine x(-36).
-5
Let f(k) = -3*k**2 + 85*k - 145. Give f(30).
-295
Let n(v) = 5845*v + 17537. Give n(-3).
2
Let r(i) = 20*i**3 + 119*i**2 + 7*i + 55. Give r(-6).
-23
Let j(s) = -21*s**2 - 143*s + 4. Determine j(-7).
-24
Let s(k) = -3*k**2 + 550*k + 1679. What is s(-3)?
2
Let q(p) = -9*p**2 - 98*p + 139. Determine q(-12).
19
Let c(n) = 5*n**2 + 25*n - 111. Calculate c(6).
219
Let z(o) = o**2 - 29*o + 227. Calculate z(14).
17
Let a(q) = q**3 - 7*q**2 - 5*q - 19. Give a(8).
5
Let b(o) = -18*o**2 - 150*o - 19. Give b(-8).
29
Let c(o) = 97*o - 978. What is c(10)?
-8
Let f(x) = -x**3 - 18*x**2 - 39*x + 42. What is f(-15)?
-48
Let h(s) = 83*s - 598. Calculate h(12).
398
Let v(p) = -p**2 - 27*p + 278. Determine v(8).
-2
Let z(u) = -306*u - 920. Determine z(-3).
-2
Let k(p) = -p**3 - 29*p**2 + 109*p + 1572. What is k(-31)?
115
Let r(m) = m**3 + 11*m**2 + 29*m + 3. Give r(-4).
-1
Let k(u) = -u**3 + 13*u**2 + 48*u - 12. Calculate k(16).
-12
Let f(b) = b**3 + 34*b**2 + 94*b - 51. Calculate f(-31).
-82
Let r(w) = 4*w**2 + 22*w - 16. Determine r(-7).
26
Let p(q) = 22*q**2 - 180*q - 110. Calculate p(8).
-142
Let u(w) = 2*w**3 - 22*w**2 - 10*w + 21. Give u(11).
-89
Let n(p) = -p**3 - 37*p**2 + 164*p - 39. What is n(-41)?
-39
Let m(h) = -h**3 - 23*h**2 - 53*h - 29. Determine m(-20).
-169
Let j(k) = k**3 + 43*k**2 + 177*k - 24. Give j(-5).
41
Let c(r) = r**2 + 8*r + 22. Calculate c(-2).
10
Let n(c) = -42*c - 693. What is n(-16)?
-21
Let h(u) = -u + 101. Give h(37).
64
Let y(q) = -3*q**3 + 309*q**2 + 14. Calculate y(103).
14
Let i(t) = -2*t**3 + 169*t**2 + 98*t - 341. What is i(85)?
764
Let l(w) = 204*w - 5336. Determine l(26).
-32
Let z(w) = -w**3 - 68*w**2 + 20*w + 1360. What is z(-68)?
0
Let c(i) = -3*i**2 - 53*i + 213. Determine c(7).
-305
Let a(h) = -299*h - 1802. Calculate a(-6).
-8
Let q(v) = 3*v**3 - 50*v**2 + 29*v - 51. What is q(16)?
-99
Let v(h) = h**3 - 4*h**2 + 216*h - 432. Calculate v(2).
-8
Let h(c) = -415*c + 6411. What is h(15)?
186
Let x(n) = -13*n**3 + 1454*n*